
Is 61023 a composite number?
True
Is 46423 prime?
False
Is 42683 a prime number?
True
Is 920851 a prime number?
False
Is 2591453 composite?
False
Is 84361 a prime number?
False
Is 5873 a prime number?
False
Is 2999 composite?
False
Is 101293 prime?
True
Is 671189 a composite number?
False
Is 83779 a composite number?
True
Is 2139673 composite?
True
Is 284831 prime?
True
Is 378919 prime?
True
Is 22051 prime?
True
Is 70797 prime?
False
Is 6898 a composite number?
True
Is 156217 a composite number?
False
Is 13159 a composite number?
False
Is 40913 composite?
True
Is 122701 a composite number?
False
Is 4381 prime?
False
Is 141907 prime?
True
Is 1558462 prime?
False
Is 2005 a prime number?
False
Is 1765 a prime number?
False
Is 6449 prime?
True
Is 6563 prime?
True
Is 2788007 composite?
False
Is 67307 a prime number?
True
Is 64471 prime?
False
Is 70709 a composite number?
False
Is 4313917 a composite number?
False
Is 84479 prime?
False
Is 1232221 prime?
True
Is 17129 prime?
False
Is 990487 composite?
False
Is 94258 a prime number?
False
Is 196991 prime?
True
Is 297757 a composite number?
False
Is 42505 composite?
True
Is 14359 prime?
False
Is 18677 a composite number?
True
Is 234137 a prime number?
False
Is 18803 a prime number?
True
Is 75899 a composite number?
True
Is 464843 prime?
True
Is 1575829 composite?
False
Is 46499 prime?
True
Is 1051247 a composite number?
False
Is 453467 composite?
True
Is 135143 composite?
True
Is 487343 composite?
True
Is 82651 a composite number?
False
Is 1570535 prime?
False
Is 13771 a composite number?
True
Is 12113 a composite number?
False
Is 9305 a composite number?
True
Is 19001 a prime number?
True
Is 102533 prime?
True
Is 1249 prime?
True
Is 24305 a prime number?
False
Is 12289 a prime number?
True
Is 9839 prime?
True
Is 400195 composite?
True
Is 9649 a composite number?
False
Is 477658 a prime number?
False
Is 4939 a composite number?
True
Is 31483 a prime number?
False
Is 44771 composite?
False
Is 1478957 prime?
True
Is 1358801 a composite number?
False
Is 12373 prime?
True
Is 333097 composite?
False
Is 1259 a prime number?
True
Is 232863 a prime number?
False
Is 10223 a prime number?
True
Is 130267 a composite number?
False
Is 122099 composite?
False
Is 35539 composite?
True
Is 76999 a prime number?
False
Is 984083 prime?
True
Is 6677 a prime number?
False
Is 297731 composite?
True
Is 621326 a composite number?
True
Is 57467 composite?
False
Is 40453 a prime number?
False
Is 8413 a prime number?
False
Is 32534 composite?
True
Is 8579 composite?
True
Is 18181 composite?
False
Is 145 a composite number?
True
Is 77 a prime number?
False
Is 246293 prime?
False
Is 5155 a prime number?
False
Is 12641 a composite number?
False
Is 197453 prime?
True
Is 2202149 a prime number?
True
Is 53971 composite?
True
Is 2885 a prime number?
False
Is 5219 a composite number?
True
Is 33961 a prime number?
True
Is 418651 prime?
False
Is 5833 a prime number?
False
Is 102218 a prime number?
False
Is 101737 a prime number?
True
Is 27226 composite?
True
Is 34795 a prime number?
False
Is 184823 a composite number?
False
Is 17141 prime?
False
Is 1743919 a composite number?
False
Is 634 composite?
True
Is 5147 a prime number?
True
Is 1202 composite?
True
Is 115789 a composite number?
True
Is 5297 a composite number?
False
Is 11717 prime?
True
Is 43157 prime?
False
Is 25031 a prime number?
True
Is 68597 a composite number?
False
Is 4 a composite number?
True
Is 680377 composite?
False
Is 39322 a composite number?
True
Is 20327 a composite number?
False
Is 787147 a composite number?
True
Is 186103 prime?
True
Is 263837 composite?
True
Is 2483 a prime number?
False
Is 318595 a composite number?
True
Is 5458 prime?
False
Is 1415 a prime number?
False
Is 125921 a prime number?
True
Is 6379 prime?
True
Is 254867 composite?
True
Is 159287 composite?
False
Is 18971 a prime number?
False
Is 111821 composite?
False
Is 9533 a composite number?
False
Is 195691 a composite number?
False
Is 8187 a composite number?
True
Is 3129253 prime?
True
Is 165437 prime?
True
Is 12499 a composite number?
True
Is 1217509 prime?
True
Is 75883 a composite number?
False
Is 9173 prime?
True
Is 49169 a prime number?
True
Is 44909 prime?
True
Is 8605 prime?
False
Is 1405 a composite number?
True
Is 2053 a prime number?
True
Is 4643 a composite number?
False
Is 4111 a prime number?
True
Is 15559 prime?
True
Is 32647 a prime number?
True
Is 2063933 prime?
True
Is 42323 prime?
True
Is 47737 a prime number?
True
Is 4128821 a prime number?
True
Is 271043 a composite number?
False
Is 424757 a composite number?
False
Is 233641 a prime number?
True
Is 684583 prime?
False
Is 18947 a composite number?
False
Is 172489 composite?
False
Is 349751 a prime number?
False
Is 322401 a composite number?
True
Is 62201 a composite number?
False
Is 23327 a composite number?
False
Is 627553 a prime number?
False
Is 13751 a prime number?
True
Is 3120929 a prime number?
False
Is 143807 a prime number?
True
Is 124247 composite?
False
Is 358783 a prime number?
True
Is 48857 a prime number?
True
Is 278 prime?
False
Is 481907 prime?
False
Is 84443 composite?
False
Is 19405 a composite number?
True
Is 23757 prime?
False
Is 397799 a composite number?
False
Is 134399 composite?
False
Is 60985 a prime number?
False
Is 409009 a prime number?
False
Is 2335499 a prime number?
False
Is 19163 a composite number?
False
Is 1346 prime?
False
Is 167 a prime number?
True
Is 31883 composite?
False
Is 458119 prime?
True
Is 156167 a composite number?
True
Is 40997 composite?
True
Is 11379 prime?
False
Is 13127 prime?
True
Is 4811 a composite number?
True
Is 95143 a composite number?
False
Is 5737 prime?
True
Is 52121 a prime number?
True
Is 125611 a prime number?
False
Is 26597 prime?
True
Is 3403 a composite number?
True
Is 34801 composite?
True
Is 5251 a prime number?
False
Is 1973 composite?
False
Is 497551 a prime number?
True
Is 3587 prime?
False
Is 2221 a composite number?
False
Is 739 prime?
True
Is 23159 a prime number?
True
Is 655241 a prime number?
True
Is 877 composite?
False
Is 2333 a composite number?
False
Is 570571 composite?
True
Is 4037 a prime number?
False
Is 457871 a composite number?
False
Is 68183 prime?
False
Is 20227 composite?
True
Is 1629689 composite?
False
Is 417149 prime?
False
Is 608581 prime?
True
Is 159967 a composite number?
True
Is 4417 a prime number?
False
Is 41645 a composite number?
True
Is 124963 composite?
True
Is 445229 composite?
False
Is 279143 a composite number?
False
Is 19123 prime?
False
Is 21921 a composite number?
True
Is 80881 a composite number?
True
Is 83833 composite?
False
Is 1134571 a prime number?
False
Is 10345 prime?
False
Is 62714 prime?
False
Is 3137 a composite number?
False
Is 18059 a prime number?
True
Is 1109191 composite?
True
Is 131 composite?
False
Is 32187 a composite number?
True
Is 418651 a composite number?
True
Is 166099 composite?
False
Is 413281 composite?
True
Is 2335 composite?
True
Is 18397 a prime number?
True
Is 21227 prime?
True
Is 17197 a prime number?
False
Is 14353 prime?
False
Is 249043 a prime number?
False
Is 1252915 a composite number?
True
Is 6421 a prime number?
True
Is 5807 prime?
True
Is 6599 prime?
True
Is 1481 composite?
False
Is 95351 a composite number?
True
Is 116239 prime?
True
Is 525783 prime?
False
Is 1361 a composite number?
False
Is 88167 a composite number?
True
Is 32531 composite?
False
Is 452201 a composite number?
False
Is 78137 prime?
True
Is 5981 a prime number?
True
Is 48239 composite?
False
Is 35481 a prime number?
False
Is 160343 composite?
False
Is 7397 a composite number?
True
Is 469003 a prime number?
False
Is 8057 a composite number?
True
Is 99053 a prime number?
True
Is 725501 composite?
True
Is 259619 composite?
False
Is 5815 a composite number?
True
Is 451 a prime number?
False
Is 8543 prime?
True
Is 336837 a composite number?
True
Is 409577 prime?
False
Is 1082273 a composite number?
False
Is 373291 composite?
False
Is 152179 prime?
False
Is 18041 a prime number?
True
Is 796703 composite?
True
Is 109513 a prime number?
False
Is 58757 composite?
False
Is 142007 a prime number?
True
Is 2055241 a prime number?
False
Is 55243 a prime number?
True
Is 433187 a composite number?
False
Is 179453 prim